{"id":4263,"date":"2021-05-25T22:55:38","date_gmt":"2021-05-25T20:55:38","guid":{"rendered":"https:\/\/www.caldaria.es\/tienda\/?page_id=4263"},"modified":"2023-03-06T10:01:56","modified_gmt":"2023-03-06T09:01:56","slug":"ecobarco-cata-arnoia","status":"publish","type":"page","link":"https:\/\/www.caldaria.es\/tienda\/ecobarco-cata-arnoia\/","title":{"rendered":"Reserve su paseo con cata en Ecobarco do Ribeiro &#8211; Arnoia"},"content":{"rendered":"<div class=\"wpb-content-wrapper\"><p>[vc_row][vc_column][vc_column_text]<script>\n  if (typeof hasAmeliaAppointment === 'undefined') {\n    var hasAmeliaAppointment = true;\n  }\n  if (typeof hasAppointmentApiCall === 'undefined' && '' === '') {\n    var hasAppointmentApiCall = true;\n  }\n  var bookingEntitiesIds = (typeof bookingEntitiesIds === 'undefined') ? [] : bookingEntitiesIds;\n  bookingEntitiesIds.push(\n    {\n      'hasApiCall': (typeof hasAppointmentApiCall !== 'undefined') && hasAppointmentApiCall,\n      'trigger': '',\n      'counter': '0',\n      'service': '7',\n      'employee': '1',\n      'location': '3'\n    }\n  );\n  var lazyBookingEntitiesIds = (typeof lazyBookingEntitiesIds === 'undefined') ? [] : lazyBookingEntitiesIds;\n  if (bookingEntitiesIds[bookingEntitiesIds.length - 1].trigger !== '') {\n    lazyBookingEntitiesIds.push(bookingEntitiesIds.pop());\n  }\n  if (typeof hasAppointmentApiCall !== 'undefined' && hasAppointmentApiCall) {\n    hasAppointmentApiCall = false;\n  }\n<\/script>\n\n<div id=\"amelia-app-booking0\" class=\"amelia-service amelia-frontend amelia-app-booking\">\n  <service><\/service>\n<\/div>\n[\/vc_column_text][\/vc_column][\/vc_row][vc_row row_content_width=\u00bbgrid\u00bb][vc_column width=\u00bb1\/6&#8243;][vc_column_text][\/vc_column_text][\/vc_column][vc_column width=\u00bb4\/6&#8243;][vc_column_text]<\/p>\n<h4 style=\"text-align: center;\">Maravilloso paseo a bordo del <strong>Ecobarco do Ribeiro<\/strong> a trav\u00e9s de uno de los tramos del R\u00edo Mi\u00f1o m\u00e1s rico en patrimonio hist\u00f3rico, cultural y natural.<\/h4>\n<p>&nbsp;<\/p>\n<p>Actividad ecoenotur\u00edstica que <b>permite conocer mejor el nacimiento de la denominaci\u00f3n de origen de vino m\u00e1s antigua de Galicia<\/b>, la segunda de Espa\u00f1a y una de las de mayor trayectoria hist\u00f3rica de Europa. Actividad cien por cien respetuosa con el <b>medioambiente<\/b> que utiliza una innovadora embarcaci\u00f3n el\u00e9ctrica, de emisiones 0, cuyo impacto en t\u00e9rminos de ruido ambiental que afecta a la fauna y flora es m\u00ednimo y con una huella de carbono cero debido a que la emisi\u00f3n de di\u00f3xido de carbono del trayecto es cero.<\/p>\n<p>&nbsp;<\/p>\n<p>M\u00e1s informaci\u00f3n en <a href=\"http:\/\/ecobarco.es\">www.ecobarco.es<\/a><\/p>\n<p>&nbsp;<\/p>\n<p>Consulte condiciones en <a href=\"tel: 988280406\">988 28 04 06<\/a> o bien en el correo <a href=\"mailto:reservas@caldaria.es\">reservas@caldaria.es<\/a>[\/vc_column_text][\/vc_column][vc_column width=\u00bb1\/6&#8243;][\/vc_column][\/vc_row]<\/p>\n<\/div>","protected":false},"excerpt":{"rendered":"<p>[vc_row][vc_column][vc_column_text][\/vc_column_text][\/vc_column][\/vc_row][vc_row row_content_width=\u00bbgrid\u00bb][vc_column width=\u00bb1\/6&#8243;][vc_column_text][\/vc_column_text][\/vc_column][vc_column width=\u00bb4\/6&#8243;][vc_column_text] Maravilloso paseo a bordo del Ecobarco do Ribeiro a trav\u00e9s de uno de los tramos del R\u00edo Mi\u00f1o m\u00e1s rico en patrimonio hist\u00f3rico, cultural y natural. &nbsp; Actividad ecoenotur\u00edstica que permite conocer mejor el nacimiento de [&hellip;]<\/p>\n","protected":false},"author":25,"featured_media":4270,"parent":0,"menu_order":0,"comment_status":"closed","ping_status":"closed","template":"full-width.php","meta":{"footnotes":""},"class_list":["post-4263","page","type-page","status-publish","has-post-thumbnail","hentry"],"yoast_head":"<!-- This site is optimized with the Yoast SEO plugin v27.3 - https:\/\/yoast.com\/product\/yoast-seo-wordpress\/ -->\n<title>Reserve su paseo con cata en Ecobarco do Ribeiro - Arnoia con degustaci\u00f3n a bordo<\/title>\n<meta name=\"description\" content=\"Paseo en Ecobarco con degustaci\u00f3n a bordo, por el R\u00edo Mi\u00f1o con explicaci\u00f3n guiada a lo largo del enclave tur\u00edstico de O Ribeiro en Ourense.\" \/>\n<meta name=\"robots\" content=\"index, follow, max-image-preview:large, max-video-preview:-1, nosnippet\" \/>\n<link rel=\"canonical\" href=\"https:\/\/www.caldaria.es\/tienda\/ecobarco-cata-arnoia\/\" \/>\n<meta property=\"og:locale\" content=\"es_ES\" \/>\n<meta property=\"og:type\" content=\"article\" \/>\n<meta property=\"og:title\" content=\"Reserve su paseo con cata en Ecobarco do Ribeiro - Arnoia con degustaci\u00f3n a bordo\" \/>\n<meta property=\"og:description\" content=\"Paseo en Ecobarco con degustaci\u00f3n a bordo, por el R\u00edo Mi\u00f1o con explicaci\u00f3n guiada a lo largo del enclave tur\u00edstico de O Ribeiro en Ourense.\" \/>\n<meta property=\"og:url\" content=\"https:\/\/www.caldaria.es\/tienda\/ecobarco-cata-arnoia\/\" \/>\n<meta property=\"og:site_name\" content=\"Tienda Caldaria\" \/>\n<meta property=\"article:modified_time\" content=\"2023-03-06T09:01:56+00:00\" \/>\n<meta property=\"og:image\" content=\"https:\/\/www.caldaria.es\/tienda\/wp-content\/uploads\/2021\/05\/EcoBarco-solpor.jpeg\" \/>\n\t<meta property=\"og:image:width\" content=\"1600\" \/>\n\t<meta property=\"og:image:height\" content=\"1200\" \/>\n\t<meta property=\"og:image:type\" content=\"image\/jpeg\" \/>\n<meta name=\"twitter:card\" content=\"summary_large_image\" \/>\n<meta name=\"twitter:label1\" content=\"Tiempo de lectura\" \/>\n\t<meta name=\"twitter:data1\" content=\"1 minuto\" \/>\n<script type=\"application\/ld+json\" class=\"yoast-schema-graph\">{\"@context\":\"https:\\\/\\\/schema.org\",\"@graph\":[{\"@type\":\"WebPage\",\"@id\":\"https:\\\/\\\/www.caldaria.es\\\/tienda\\\/ecobarco-cata-arnoia\\\/\",\"url\":\"https:\\\/\\\/www.caldaria.es\\\/tienda\\\/ecobarco-cata-arnoia\\\/\",\"name\":\"Reserve su paseo con cata en Ecobarco do Ribeiro - Arnoia con degustaci\u00f3n a bordo\",\"isPartOf\":{\"@id\":\"https:\\\/\\\/caldaria.ideit.es\\\/tienda\\\/#website\"},\"primaryImageOfPage\":{\"@id\":\"https:\\\/\\\/www.caldaria.es\\\/tienda\\\/ecobarco-cata-arnoia\\\/#primaryimage\"},\"image\":{\"@id\":\"https:\\\/\\\/www.caldaria.es\\\/tienda\\\/ecobarco-cata-arnoia\\\/#primaryimage\"},\"thumbnailUrl\":\"https:\\\/\\\/www.caldaria.es\\\/tienda\\\/wp-content\\\/uploads\\\/2021\\\/05\\\/EcoBarco-solpor.jpeg\",\"datePublished\":\"2021-05-25T20:55:38+00:00\",\"dateModified\":\"2023-03-06T09:01:56+00:00\",\"description\":\"Paseo en Ecobarco con degustaci\u00f3n a bordo, por el R\u00edo Mi\u00f1o con explicaci\u00f3n guiada a lo largo del enclave tur\u00edstico de O Ribeiro en Ourense.\",\"breadcrumb\":{\"@id\":\"https:\\\/\\\/www.caldaria.es\\\/tienda\\\/ecobarco-cata-arnoia\\\/#breadcrumb\"},\"inLanguage\":\"es\",\"potentialAction\":[{\"@type\":\"ReadAction\",\"target\":[\"https:\\\/\\\/www.caldaria.es\\\/tienda\\\/ecobarco-cata-arnoia\\\/\"]}]},{\"@type\":\"ImageObject\",\"inLanguage\":\"es\",\"@id\":\"https:\\\/\\\/www.caldaria.es\\\/tienda\\\/ecobarco-cata-arnoia\\\/#primaryimage\",\"url\":\"https:\\\/\\\/www.caldaria.es\\\/tienda\\\/wp-content\\\/uploads\\\/2021\\\/05\\\/EcoBarco-solpor.jpeg\",\"contentUrl\":\"https:\\\/\\\/www.caldaria.es\\\/tienda\\\/wp-content\\\/uploads\\\/2021\\\/05\\\/EcoBarco-solpor.jpeg\",\"width\":1600,\"height\":1200},{\"@type\":\"BreadcrumbList\",\"@id\":\"https:\\\/\\\/www.caldaria.es\\\/tienda\\\/ecobarco-cata-arnoia\\\/#breadcrumb\",\"itemListElement\":[{\"@type\":\"ListItem\",\"position\":1,\"name\":\"Portada\",\"item\":\"https:\\\/\\\/caldaria.ideit.es\\\/tienda\\\/\"},{\"@type\":\"ListItem\",\"position\":2,\"name\":\"Reserve su paseo con cata en Ecobarco do Ribeiro &#8211; Arnoia\"}]},{\"@type\":\"WebSite\",\"@id\":\"https:\\\/\\\/caldaria.ideit.es\\\/tienda\\\/#website\",\"url\":\"https:\\\/\\\/caldaria.ideit.es\\\/tienda\\\/\",\"name\":\"Tienda Caldaria\",\"description\":\"\",\"potentialAction\":[{\"@type\":\"SearchAction\",\"target\":{\"@type\":\"EntryPoint\",\"urlTemplate\":\"https:\\\/\\\/caldaria.ideit.es\\\/tienda\\\/?s={search_term_string}\"},\"query-input\":{\"@type\":\"PropertyValueSpecification\",\"valueRequired\":true,\"valueName\":\"search_term_string\"}}],\"inLanguage\":\"es\"}]}<\/script>\n<!-- \/ Yoast SEO plugin. -->","yoast_head_json":{"title":"Reserve su paseo con cata en Ecobarco do Ribeiro - Arnoia con degustaci\u00f3n a bordo","description":"Paseo en Ecobarco con degustaci\u00f3n a bordo, por el R\u00edo Mi\u00f1o con explicaci\u00f3n guiada a lo largo del enclave tur\u00edstico de O Ribeiro en Ourense.","robots":{"index":"index","follow":"follow","max-image-preview":"max-image-preview:large","max-video-preview":"max-video-preview:-1","snippet":"nosnippet"},"canonical":"https:\/\/www.caldaria.es\/tienda\/ecobarco-cata-arnoia\/","og_locale":"es_ES","og_type":"article","og_title":"Reserve su paseo con cata en Ecobarco do Ribeiro - Arnoia con degustaci\u00f3n a bordo","og_description":"Paseo en Ecobarco con degustaci\u00f3n a bordo, por el R\u00edo Mi\u00f1o con explicaci\u00f3n guiada a lo largo del enclave tur\u00edstico de O Ribeiro en Ourense.","og_url":"https:\/\/www.caldaria.es\/tienda\/ecobarco-cata-arnoia\/","og_site_name":"Tienda Caldaria","article_modified_time":"2023-03-06T09:01:56+00:00","og_image":[{"width":1600,"height":1200,"url":"https:\/\/www.caldaria.es\/tienda\/wp-content\/uploads\/2021\/05\/EcoBarco-solpor.jpeg","type":"image\/jpeg"}],"twitter_card":"summary_large_image","twitter_misc":{"Tiempo de lectura":"1 minuto"},"schema":{"@context":"https:\/\/schema.org","@graph":[{"@type":"WebPage","@id":"https:\/\/www.caldaria.es\/tienda\/ecobarco-cata-arnoia\/","url":"https:\/\/www.caldaria.es\/tienda\/ecobarco-cata-arnoia\/","name":"Reserve su paseo con cata en Ecobarco do Ribeiro - Arnoia con degustaci\u00f3n a bordo","isPartOf":{"@id":"https:\/\/caldaria.ideit.es\/tienda\/#website"},"primaryImageOfPage":{"@id":"https:\/\/www.caldaria.es\/tienda\/ecobarco-cata-arnoia\/#primaryimage"},"image":{"@id":"https:\/\/www.caldaria.es\/tienda\/ecobarco-cata-arnoia\/#primaryimage"},"thumbnailUrl":"https:\/\/www.caldaria.es\/tienda\/wp-content\/uploads\/2021\/05\/EcoBarco-solpor.jpeg","datePublished":"2021-05-25T20:55:38+00:00","dateModified":"2023-03-06T09:01:56+00:00","description":"Paseo en Ecobarco con degustaci\u00f3n a bordo, por el R\u00edo Mi\u00f1o con explicaci\u00f3n guiada a lo largo del enclave tur\u00edstico de O Ribeiro en Ourense.","breadcrumb":{"@id":"https:\/\/www.caldaria.es\/tienda\/ecobarco-cata-arnoia\/#breadcrumb"},"inLanguage":"es","potentialAction":[{"@type":"ReadAction","target":["https:\/\/www.caldaria.es\/tienda\/ecobarco-cata-arnoia\/"]}]},{"@type":"ImageObject","inLanguage":"es","@id":"https:\/\/www.caldaria.es\/tienda\/ecobarco-cata-arnoia\/#primaryimage","url":"https:\/\/www.caldaria.es\/tienda\/wp-content\/uploads\/2021\/05\/EcoBarco-solpor.jpeg","contentUrl":"https:\/\/www.caldaria.es\/tienda\/wp-content\/uploads\/2021\/05\/EcoBarco-solpor.jpeg","width":1600,"height":1200},{"@type":"BreadcrumbList","@id":"https:\/\/www.caldaria.es\/tienda\/ecobarco-cata-arnoia\/#breadcrumb","itemListElement":[{"@type":"ListItem","position":1,"name":"Portada","item":"https:\/\/caldaria.ideit.es\/tienda\/"},{"@type":"ListItem","position":2,"name":"Reserve su paseo con cata en Ecobarco do Ribeiro &#8211; Arnoia"}]},{"@type":"WebSite","@id":"https:\/\/caldaria.ideit.es\/tienda\/#website","url":"https:\/\/caldaria.ideit.es\/tienda\/","name":"Tienda Caldaria","description":"","potentialAction":[{"@type":"SearchAction","target":{"@type":"EntryPoint","urlTemplate":"https:\/\/caldaria.ideit.es\/tienda\/?s={search_term_string}"},"query-input":{"@type":"PropertyValueSpecification","valueRequired":true,"valueName":"search_term_string"}}],"inLanguage":"es"}]}},"jetpack_sharing_enabled":true,"_links":{"self":[{"href":"https:\/\/www.caldaria.es\/tienda\/wp-json\/wp\/v2\/pages\/4263","targetHints":{"allow":["GET"]}}],"collection":[{"href":"https:\/\/www.caldaria.es\/tienda\/wp-json\/wp\/v2\/pages"}],"about":[{"href":"https:\/\/www.caldaria.es\/tienda\/wp-json\/wp\/v2\/types\/page"}],"author":[{"embeddable":true,"href":"https:\/\/www.caldaria.es\/tienda\/wp-json\/wp\/v2\/users\/25"}],"replies":[{"embeddable":true,"href":"https:\/\/www.caldaria.es\/tienda\/wp-json\/wp\/v2\/comments?post=4263"}],"version-history":[{"count":51,"href":"https:\/\/www.caldaria.es\/tienda\/wp-json\/wp\/v2\/pages\/4263\/revisions"}],"predecessor-version":[{"id":5733,"href":"https:\/\/www.caldaria.es\/tienda\/wp-json\/wp\/v2\/pages\/4263\/revisions\/5733"}],"wp:featuredmedia":[{"embeddable":true,"href":"https:\/\/www.caldaria.es\/tienda\/wp-json\/wp\/v2\/media\/4270"}],"wp:attachment":[{"href":"https:\/\/www.caldaria.es\/tienda\/wp-json\/wp\/v2\/media?parent=4263"}],"curies":[{"name":"wp","href":"https:\/\/api.w.org\/{rel}","templated":true}]}}